z - 133 = -3*k, -k + 26 = -z + 6*z. Calculate the remainder when k is divided by 18.
15
Suppose -3*i = 2*g - 5*g - 69, 5*i + 5*g = 95. What is the remainder when 13/((-1)/(-4) - (-3)/(-24)) is divided by i?
20
Suppose 5*p - 17 = -102. Let k(o) = o**2 - 8. Let c be k(6). Let y = c + p. Calculate the remainder when 32 is divided by y.
10
Let n = -295 + 416. Calculate the remainder when n is divided by (-50)/(-150) + (3 - (-332)/12).
28
Suppose c = 4*r + 3, -37 - 93 = -5*c - 3*r. What is the remainder when c is divided by (4 - (2 - -1))/((-18)/(-234))?
10
Suppose 0 = -22*p - 48 + 752. Calculate the remainder when p is divided by 2.
0
What is the remainder when 25 is divided by ((9 - 7) + 4)/(6/14)?
11
Let r = -2 + 5. What is the remainder when r is divided by 132/(-99)*3/(-2)?
1
Let o(k) = 2*k**2 + 7*k - 3. Let s(p) = p - 2. Let r(g) = 2*g - 1. Let a be r(2). Calculate the remainder when o(-4) is divided by s(a).
0
Suppose -33*y + 185 = -244. Calculate the remainder when 58 is divided by y.
6
Suppose -3*x - g + 638 = 0, x = 6*x - g - 1066. Calculate the remainder when x is divided by 108.
105
Suppose -2*z = -z - 31. Suppose b - 2*b - 23 = 0. Let a = b + 39. What is the remainder when z is divided by a?
15
Let d(o) = 3*o + 5. Suppose -s + 2*b - 6 = -0*s, b = -5*s + 14. Let v be d(s). Suppose 0 = -3*a + v + 10. Calculate the remainder when a is divided by 2.
1
Suppose -3*g + 5*g = -4*b + 852, -2*g + 422 = 2*b. Calculate the remainder when b is divided by 72.
71
Suppose w = -w + 32. Let r be -2 - (-4)/((-8)/366). Let k = -106 - r. What is the remainder when k is divided by w?
15
Calculate the remainder when (40 + -39)/(1/107) is divided by 41.
25
Suppose -2*f + 3*t = -3*f - 1, 0 = -5*f + 3*t - 41. Let v(a) = 0*a - 3*a + a - 1. What is the remainder when 38 is divided by v(f)?
12
Suppose 0 = 2*w - 10 - 16. Suppose 5*v - 11 = 5*c + 89, -6 = -2*c. Suppose v - 119 = -2*f. Calculate the remainder when f is divided by w.
9
Let n(y) = y**2 + 3*y + 5. Let x(o) = -2*o + 8. Let d be x(6). Let s = 53 - 29. What is the remainder when s is divided by n(d)?
6
Let k be (9 + -3)*(-16)/24. Calculate the remainder when (-2 + -444 - -1)*k/20 is divided by 18.
17
Let f = -4 + 3. Let u be (4/(-8))/(f/6). Let s = u - -1. What is the remainder when s is divided by 3?
1
Let o(w) = -3*w - 7. Let p be o(2). Let g = 0 - p. Calculate the remainder when 38 is divided by g.
12
Let x be 12 + 2 - (4 + -2). Let h = x - -3. Calculate the remainder when 28 is divided by h.
13
Let w = -24 + 23. Let j(d) = -31*d**3 - 2*d - 2. What is the remainder when j(w) is divided by (-36)/(-3) + -3 + 2?
9
Calculate the remainder when 31 is divided by 25 + 1/2*-8.
10
Suppose 11*n = 9*n - 2, 0 = 5*o + 4*n - 3126. What is the remainder when o is divided by 18?
14
Suppose -4*a = 5*f - 533, 12*f - 5*a - 560 = 7*f. Calculate the remainder when f is divided by 40.
29
Suppose -5*h = c - 618, -c + 4*c = -2*h + 242. Suppose 8 + h = y. Calculate the remainder when y is divided by 15.
12
Let j(i) = -2*i**2 - 6*i - 1. Let u be j(-2). Suppose -5*b = 2*l - 80 + 34, l + u*b = 24. Calculate the remainder when 33 is divided by l.
15
Let r(i) = -2*i**2 + 31*i - 34. What is the remainder when 89 is divided by r(13)?
27
Let i(o) = 7*o + 5. What is the remainder when i(24) is divided by 25?
23
Let n(m) = -3*m + 2. Let l be n(-2). Suppose -k = -1 - l. Let r = 10 + k. What is the remainder when 54 is divided by r?
16
Suppose 13*t + 622 - 1584 = 0. Calculate the remainder when t is divided by ((-2)/4)/(2/(-76)).
17
Suppose 54 = 3*g + 2*w + w, -5*g = -2*w - 104. Calculate the remainder when g is divided by ((-235)/(-20) - 4) + (-5)/(-20).
4
Let y(i) be the second derivative of 5/3*i**3 - 1/20*i**5 + 2*i + 3/2*i**2 + 2/3*i**4 + 0. Calculate the remainder when y(8) is divided by 21.
20
Let q(i) be the second derivative of i**5/20 - 5*i**4/12 - 4*i**3/3 - 9*i**2/2 - 12*i. Suppose -2 - 26 = -4*n. What is the remainder when q(n) is divided by 9?
6
Let t(j) = 5*j**2 - 81*j + 7. Calculate the remainder when 98 is divided by t(17).
23
Let i(v) = v**2 - 3*v. Let p be i(4). Suppose -p*s + 12 = 0, 0*h - 2*s + 22 = h. Calculate the remainder when 46 is divided by (-3)/((9/h)/(-3)).
14
What is the remainder when 3/(-2)*(8 - 3370/15) is divided by 41?
38
Suppose y + 3*x - 24 = -3*y, y - 3*x - 6 = 0. Suppose y*r - 692 = 16. What is the remainder when r is divided by 11?
8
Let t = 255 - 132. Calculate the remainder when t is divided by 34.
21
Calculate the remainder when 271/7 + (-165)/35 + 5 is divided by 24.
15
Suppose 4 = h, -h = 5*a + 4*h - 30. Suppose 0 = -a*n + 3*n - 6. Calculate the remainder when 65 is divided by n.
5
Suppose -4*v - g + 1426 = 0, -2*v = 2*v + 3*g - 1430. Calculate the remainder when v is divided by 121.
114
Let k = -10 + 14. Suppose 0 = -k*t + t + 27. Calculate the remainder when 24 is divided by t.
6
Suppose 0 = 3*v - 7*v + 24. Let f be ((-4)/v)/((-1)/171). Suppose -u = -3*i - 13, 5*i = 4*u - f + 34. What is the remainder when 72 is divided by u?
22
Let b be (-1)/(-3 - (-24)/9). Let g = b + 0. Suppose 0 = -5*d + 5*z + 25, 0 = g*d + d + 4*z - 36. What is the remainder when 20 is divided by d?
6
Let v(t) = 4*t + 103. Suppose 5*w + 32 = 9*w. Calculate the remainder when w is divided by v(-25).
2
Let z(m) = m**2 - 6*m + 1. Suppose 3*w - 16 - 8 = 0. Let a be z(w). Suppose 15*q = 14*q + a. Calculate the remainder when 64 is divided by q.
13
Let c(o) = 5*o + 78. Calculate the remainder when 1022 is divided by c(3).
92
Suppose 0 = -0*z - 3*z - 24. Let b be 6/z + 187/68. Suppose b*a + 64 = 6*a + q, 0 = -a - q + 13. What is the remainder when a is divided by 9?
8
Let a be 8/(-1 + (-1)/(-2)). Let v be (-1)/(3/9) + 2. What is the remainder when (3*a)/(-3) - v is divided by 5?
2
Suppose 0 = -4*r + 3*r + 97. Let m(k) = 14*k + 607. What is the remainder when r is divided by m(-41)?
31
Suppose -4*g + 44 = -3*r, 3*r = 5*g - 3*g - 40. What is the remainder when 29 is divided by 1 - -12 - (r + 9)?
13
Let f = 5 - -1. Suppose -j - 19 = -g - f*j, 28 = 4*g + 4*j. Suppose -5*l + 24 = -g*w, 3*l - 5*l = -2*w - 8. Calculate the remainder when 14 is divided by l.
6
Let l(w) = 5*w + 16. Let b be l(-3). Calculate the remainder when 33 is divided by (b*(-24)/15)/(4/(-30)).
9
Suppose -10*x + 8*x = 2*h - 140, 0 = 5*x + 2*h - 344. What is the remainder when 146 is divided by x?
10
Let p be (-58 - 13) + (0 - 3). Let x be 6/(-21) - p/14. Suppose -x*i + 15 = 5*h, h + 0*h = -3*i + 17. What is the remainder when 11 is divided by i?
4
Let i(f) = f**2 + 14*f + 15. Let n be i(-13). Suppose 0 = n*k - 6*k + 48. What is the remainder when 34 is divided by k?
10
Let m(n) = -n**2 + 2. Let w be m(2). Suppose -4*o + 2*o = 0, 2*z = -4*o + 4. Calculate the remainder when (3 + w)*-7*-1 is divided by z.
1
Let y(l) = 15*l - 11*l - 2*l + 2. Let j = 13 + -2. What is the remainder when y(j) is divided by 9?
6
Let i = -81 - -82. Calculate the remainder when (-49 + -4)/(-1 + i/2) is divided by 36.
34
Let u(m) = -12*m + 103. Let j(y) = y**3 - 15*y**2 + 3*y - 2. What is the remainder when u(-9) is divided by j(15)?
39
Let a(i) = 121*i**2 + 6*i - 5. What is the remainder when a(1) is divided by 32?
26
Suppose 21*n - 85 = 16*n. Suppose 5*d = 3*p + 2*d - 42, -p + n = -4*d. Calculate the remainder when 50 is divided by p.
11
Let l(r) = -10*r**3 - 2*r - 1. Suppose 4*t - t - 5*d = 23, -5*t + 3*d + 33 = 0. What is the remainder when l(-1) is divided by t?
5
Let p(o) = -4*o - 1. Suppose -4*a + 10*a = -6. Calculate the remainder when p(a) is divided by 3.
0
Let u = 16 - -17. Suppose 3*a + 3 = 69. Suppose -a - 63 = -5*z. Calculate the remainder when u is divided by z.
16
Suppose -88 = -53*z + 389. Let d be 10/(0 - (-3 + 2)). Let v = d - 7. What is the remainder when z is divided by v?
0
Let v(q) = 3*q. Let c be v(-1). Let j = c - -23. Suppose -76 = -3*s - 2*s - 4*o, -3*s - 2*o = -44. What is the remainder when j is divided by s?
8
Let i be (0 + 60)*4/8. Suppose -154 - i = 4*g. Let n = g - -70. What is the remainder when 71 is divided by n?
23
Suppose -3450 + 18626 = 8*c. What is the remainder when c is divided by 146?
145
Let b be ((-7)/(-21))/((-3)/27). What is the remainder when 53 is divided by (748/66)/((-2)/b)?
2
Let o(k) = -2*k + 3. Let j(w) = -5*w + 5. Let a(h) = 3*j(h) 